ighest common factor of g and m.
4
Suppose -12 + 0 = -3*m. Suppose -5*z + 13 = b, -8*b + 3*z + 75 = -4*b. Calculate the highest common divisor of m and b.
2
Let y(m) = -m**3 - 6*m**2 + 4*m + 1. Let n be y(-7). Let v be 10 + -11 - (2 - (1 - 14)). Let o = n + v. What is the greatest common divisor of 6 and o?
6
Suppose -5*f - 115 = -5*v, 0 = 2*v - 8*f + 5*f - 43. What is the highest common factor of 195 and v?
13
Suppose c - 3*q - 92 = 0, 85 = -4*c + 3*q + 426. Suppose -3*h + 15 = 4*d - c, -4*d - 92 = -2*h. Calculate the highest common divisor of h and 19.
19
Suppose -9 - 11 = -5*g. Let h be (-3)/(-6)*(-6)/(-9)*9. Suppose g*u - 4*n - 92 = 0, 2*u + 28 = h*u - 2*n. What is the greatest common factor of 90 and u?
18
Suppose 3*u - 190 = -2*z - u, 355 = 4*z + 3*u. Calculate the greatest common divisor of z and 5.
5
Let q = 5 + -2. Suppose 0 = q*u - u + 5*b - 21, -6 = u - 3*b. Let l(g) = -g + 1. Let m be l(0). Calculate the highest common factor of m and u.
1
Suppose -2985 + 717 = -7*h. Calculate the greatest common divisor of 24 and h.
12
Let z(n) = -n**3 - 11*n**2 + 76*n - 61. Let d be z(-16). Calculate the highest common divisor of d and 51.
3
Let t(j) = -20*j + 745. Let g be t(-5). What is the highest common factor of 39 and g?
13
Suppose 0 = 10*u - 45*u + 1680. Let p be 8 - 8 - -24*1. What is the greatest common divisor of p and u?
24
Let q be 173 + 7/((-14)/(-4)). Calculate the highest common factor of q and 50.
25
Let z(j) = j**2 - 21*j - 51. Let g be z(-3). Calculate the greatest common divisor of g and 777.
21
Suppose 0 = 35*a - 41*a + 4464. What is the highest common divisor of a and 24?
24
Let x be (56/(-10))/(-7)*(-2 + 522). Calculate the greatest common factor of x and 52.
52
Let j = -66 - -66. Let v be (-2 - j) + ((-120)/6)/(-2). What is the greatest common divisor of v and 6?
2
Let n be (-788)/(-18) - ((-70)/(-9) + -8). Suppose 0 = 3*u - x - 18 - 10, 49 = 4*u + x. Calculate the greatest common divisor of n and u.
11
Let a(o) = o**3 + 6*o**2 - 4*o - 9. Let m be a(-6). Let d = -8 - -19. Let f be d + -11 + 3*5. What is the greatest common factor of f and m?
15
Let n = -41 + 43. Suppose n*j = j + 34. Let c = 203 - 118. What is the highest common factor of c and j?
17
Suppose u + 495 = 4*u + 3*i, 810 = 5*u + 2*i. What is the greatest common factor of 32 and u?
32
Suppose 0 = o + 4*k - 7*k - 99, 2*o + 3*k = 198. What is the highest common divisor of 45 and o?
9
Suppose 0 = 2*t + 5*c - 49, -5*c + 3 - 14 = -3*t. Let n = 0 + t. What is the highest common factor of 12 and n?
12
Suppose -3*u - 3*u - 6 = 0. Let g be 48/(-36)*(-63 + (-1 - u)). What is the greatest common divisor of g and 21?
21
Let g = -1359 + 1370. Suppose -6 = -3*r, -3*u + 3*r + 153 + 237 = 0. What is the highest common divisor of g and u?
11
Suppose 21*y - 2 = 271. What is the highest common divisor of 143 and y?
13
Let r be 1 - 9 - (-2 - 0). Let k = r - -10. Let p be (-4)/8*k*-32. What is the greatest common factor of p and 16?
16
Suppose 13*l = 4801 + 2388. What is the greatest common factor of l and 79?
79
Suppose -22*d + 17*d = -2*p + 37, -15 = -5*p - 3*d. What is the greatest common divisor of p and 87?
3
Suppose 0 = -23*p - 109*p + 16764. What is the highest common divisor of p and 1?
1
Suppose 17 = 3*a + 380. Let y = -25 - a. Calculate the greatest common factor of y and 12.
12
Suppose 5*g = -2*m + 398 + 983, 5*m = 3*g - 810. Suppose 5*l = -71 + 196. What is the highest common factor of l and g?
25
Suppose -779 = 5*d - 2*c - 2069, 5*c = 4*d - 1049. What is the highest common factor of 12 and d?
4
Let x(j) be the first derivative of 17*j - 3*j**2 - 4*j - 11*j - 4. Let b be x(-1). Calculate the highest common factor of 20 and b.
4
Let d = 2725 + -2212. What is the highest common divisor of d and 133?
19
Let g = -22 + 36. Let b = g + -14. Suppose -3*p = -b*p - 60. Calculate the highest common divisor of 10 and p.
10
Suppose -4*c + 15 = 3*q, -5*q = 3*c - 25 - 11. Calculate the highest common factor of 90 and q.
9
Let i(m) = m**3 - 8*m**2 - 2*m + 3. Let q be i(6). Let g = q - -271. Calculate the highest common divisor of g and 38.
38
Suppose 0 = -y - 5*o + 81, 4*o = -0*y - 5*y + 405. Let k = -645 + 459. Let g = -132 - k. Calculate the greatest common factor of y and g.
27
Let p be 13/(-26) - 11/(-2). Suppose 0*d - 25 = -d. Calculate the highest common divisor of p and d.
5
Let t(n) = 93*n - 2. Let o = 91 + -89. Let r be t(o). What is the greatest common divisor of r and 8?
8
Let h be 23585/25 - 1 - 3/(-5). Calculate the greatest common factor of 41 and h.
41
Let i(q) = 31 + 26 + 28*q - 29*q - q**2 - 12. Let j be (5 - 4) + (-1)/1. Let m be i(j). Calculate the highest common factor of m and 15.
15
Let l be 4/(-18) - (-40)/18. Suppose 0*c - 4 = -l*c. Suppose 5*a + 5*h - 90 = 0, 4*a + a - 90 = -2*h. What is the highest common factor of a and c?
2
Let c = 1319 - 1127. What is the greatest common divisor of 72 and c?
24
Suppose -5*k = -2*r - 56, -12*r = 3*k - 10*r - 40. Calculate the highest common divisor of k and 1644.
12
Let b(c) = 10*c**2 - 23*c + 23. Let w be b(1). Let a(i) = -8*i + 24. Let k be a(-7). Calculate the greatest common factor of w and k.
10
Suppose -53*j + 19*j + 3638 = 0. What is the highest common factor of 1 and j?
1
Let y(k) = k**2 + 5*k - 30. Let v be y(5). What is the greatest common factor of v and 50?
10
Let c(i) = 5*i**2 - 74*i - 124. Let j be c(17). Let r = 11 + 7. What is the greatest common factor of r and j?
9
Suppose 3*z + 5*g = 76, 0 = -2*z + 2*g + 11 + 45. Let v be (3 - -8) + 7 + -9. Calculate the greatest common divisor of z and v.
9
Let z be -1 + 16/4 + (102 - 1). What is the greatest common factor of z and 39?
13
Let f be 4/(-32) + (-42579)/(-152). What is the greatest common divisor of 120 and f?
40
Let z = -39 + 57. What is the highest common divisor of 198 and z?
18
Let u(v) = v**3 - 3*v**2 - 2*v - 7. Let p be u(4). Let c(f) = f**2 + 4*f - 4. Let m be c(-5). Let o = p + m. What is the greatest common factor of 16 and o?
2
Suppose -4*w = x - w - 609, 0 = 2*x + w - 1223. What is the greatest common factor of 27 and x?
9
Let y = -5 - -7. Suppose -2*s + 25 = y*f - 33, s - 57 = -2*f. Calculate the highest common divisor of 56 and f.
28
Suppose 6562 = 50*q - 60038. Calculate the highest common divisor of q and 72.
36
Suppose 0 = 19*k - 56*k + 3330. Calculate the highest common factor of 150 and k.
30
Suppose -4*d = d + 110. Let z = 2 - d. Let t = 48 - z. What is the greatest common divisor of 36 and t?
12
Let w(i) = 3*i**2 + 4*i - 1. Let s = -2 + 3. Suppose s + 14 = -5*f. Let k be w(f). Calculate the greatest common factor of 126 and k.
14
Let n(v) = -v**3 + 3*v**2 + 3. Let b be n(3). Suppose b*d = 5*u - 688, -2*d = d - 12. Suppose 0*j = 5*j - u. What is the greatest common factor of 14 and j?
14
Suppose 2*t + 4*r - 2 = 0, -5*r - 22 = -49*t + 48*t. Calculate the highest common divisor of t and 4.
1
Let o = -10 + 13. Let z(y) = y + 1. Let h(p) = p. Let s(b) = o*z(b) + h(b). Let c be s(6). Calculate the highest common factor of 18 and c.
9
Let j = 102 + 162. Suppose 5*g = 2*g + j. Suppose -28*i + 25*i = -33. Calculate the greatest common factor of g and i.
11
Suppose c + 3*b - 2*b = 58, 4*b = 4*c - 232. Suppose 5*l = 5*q + 75, l = -4*q - c + 13. Let p be -9*(q/9)/1. What is the greatest common divisor of p and 30?
6
Suppose -71*f + 1910 = -362. What is the highest common factor of f and 896?
32
Let t be 1/(-1) - (-39)/3. Let i be (-6)/45 - (-12)/90. Suppose -408 = -5*u - i*r - 3*r, -5*u = 5*r - 400. Calculate the greatest common factor of u and t.
12
Let i(z) = -2*z - 6. Let c(x) = -x**2 + 3*x - 2. Let p be c(4). Let y be i(p). Calculate the greatest common factor of y and 4.
2
Let m be (-7 + 2 + -2)*144/(-21). Calculate the highest common factor of 32 and m.
16
Let a be (-5)/((-2)/(-2 + 4)). Let v(d) be the third derivative of d**4/4 + d**3/2 - 29*d**2. Let m be v(a). What is the highest common divisor of 22 and m?
11
Suppose -20 = 5*h, 3*h = n - 0*h - 15. Let a be (-1)/2*-3*430/215. What is the highest common factor of a and n?
3
Suppose 21*w - 22*w + 37 = 0. Suppose -5*a - 1 = j, -5*j - 3*a - a + w = 0. Let z be (3 - 0)/(-3) + 73. Calculate the greatest common divisor of j and z.
9
Suppose 5*y = r + 5 + 15, 0 = 3*y + r - 12. Suppose 150 = -y*z 